 r(-5). Suppose 88*v + 36 = y*v. What is the remainder when 39 is divided by v?
3
Suppose 37*s - 27710 - 2328 = 50400. Calculate the remainder when s is divided by 34.
32
Let q(v) = -9 + 11*v + 6 + 0 - 1. Let i be q(11). Calculate the remainder when 29 is divided by (-1)/(-2) + i/26.
4
Suppose 598 = -8*j + 2486. What is the remainder when j is divided by 155?
81
Let a(z) = 33*z - 57. Suppose 3*y - 4*y + 5*j = 19, 0 = 2*y - j - 7. What is the remainder when a(y) is divided by 48?
45
Let i be ((-28)/(-16))/(4/16). Let b = i + 33. Suppose 7 = f - 3*c, 2*c = 3*f + 5 - b. What is the remainder when 22 is divided by f?
9
Suppose -5*v + 503 = 5*u - 1157, 2*v = 0. Suppose -5*w + 233 = 3*f, -6*f + u = -2*f - 4*w. Calculate the remainder when f is divided by 42.
39
Let m = -41 - -78. Let g be (-2)/(1*(-5 + 6 + -2)). Suppose 0 = g*s + 3*s - 5*b - 125, -b = s - 21. What is the remainder when m is divided by s?
14
Suppose -607 = -3*f + 4*c, -3*c + 194 = 197. Suppose 0 = -k + 2 + 10. Calculate the remainder when f is divided by k.
9
Let f(y) = -554*y + 2849. Calculate the remainder when 1419 is divided by f(5).
76
Suppose 0 = 19*f + 29*f - 4896. Calculate the remainder when 223 is divided by f.
19
Let m(p) = 484*p - 1873. What is the remainder when 143 is divided by m(4)?
17
Suppose -3*m + 5*q + 388 = -12, -2*m + 288 = 2*q. Let r = -91 + m. What is the remainder when 61 is divided by r?
12
Let p(l) = l**3 + 2*l**2 + 20*l - 3. Let d be p(-9). Let g = d + 797. Calculate the remainder when 155 is divided by g.
14
Let x = -86 + 87. Let m(i) = 11*i**2. Let r be m(x). Suppose 0 = -f + r. What is the remainder when 41 is divided by f?
8
Suppose -3*y = d + 3*d - 64, 3*d - 5*y = 77. What is the remainder when 133 is divided by d?
0
Suppose 3*k + 92 = 3*h - 25, 0 = 2*h + k - 66. Calculate the remainder when h is divided by 11/((5060/(-69))/(-20)).
2
Let l(s) = -2*s**3 - 23*s**2 + 126*s - 78. Calculate the remainder when l(-20) is divided by 145.
142
Let o = -31 - -34. Suppose 0 = -o*d - 2 - 4. What is the remainder when 27 is divided by (-2)/(-7) + 108/14 + d?
3
Let q(z) = -z**2 - 22*z - 20. Let j = -6 + -8. Suppose -50*o + 2*w + 62 = -47*o, 0 = -o - 3*w + 39. Calculate the remainder when q(j) is divided by o.
20
Suppose 3*m - s - 6 = 20, 0 = -4*m + 2*s + 36. Suppose 1945 = -3*k + m*k. Suppose -k = -14*q + 3. What is the remainder when 108 is divided by q?
24
Suppose 20*a - 21658 = -71*a. What is the remainder when a is divided by 89?
60
Suppose 0 = -57*n + 3387 - 81. Calculate the remainder when n is divided by 47.
11
Calculate the remainder when 1326 is divided by (-873)/(-2) - (-9)/(-54)*-9.
12
Suppose -7*p = 4*p. Let i be p - 5/(-10)*6. Suppose 0 = i*n - 9 - 15. Calculate the remainder when 11 is divided by n.
3
Suppose 0 = -5*k + 25 + 15. Let v(m) = m - 2. Suppose 16*l - 5 = 75. Calculate the remainder when k is divided by v(l).
2
Suppose 4*h - 336 = -5*t, -20 = 3*t - 8. Calculate the remainder when 5869 is divided by h.
84
Let z = -115 - -213. What is the remainder when (36/(-42))/((-4)/z) is divided by 6?
3
Let q be -2*(-4)/((-8)/3). Let a = 24 - q. What is the remainder when ((-951)/(-4))/3 + 9/12 is divided by a?
26
Suppose -2*l - 170 - 194 = 4*a, -3*a + l - 268 = 0. Let f be (32/(-10))/(3/a). Suppose 0 = 7*y + y - f. Calculate the remainder when 45 is divided by y.
9
Let w(t) = 124 - 5*t + 88 - 72 - 34*t. What is the remainder when w(-9) is divided by 55?
51
Let p(r) = -r**3 + 24*r**2 + 26*r + 55. Let l be p(25). Let v = 152 - l. What is the remainder when v is divided by 13?
7
Let c = -2 + 42. Calculate the remainder when (c/(-5))/2 + (-2 - -86) is divided by 41.
39
Let z be -91 + (-12)/(-6) + -1. What is the remainder when 20 is divided by (-18)/z - (252/(-15) - -1)?
4
Suppose -4*g + 16 = 0, -5*j + 4*g + 214 = -2200. What is the remainder when j is divided by 69?
3
Let v = 4267 - 4242. What is the remainder when 684 is divided by v?
9
Let h(c) = 7*c**3 - 3*c**2 + 4*c - 3. Suppose -20 - 35 = -5*n. What is the remainder when h(2) is divided by (-276)/(-16) + n/(-44)?
15
Suppose 0 = -5*l + 3*p + 135, 44 - 5 = l - 3*p. Suppose 3*f + 3*i = l, -6*i + 16 = -3*f - i. What is the remainder when 30 is divided by f?
0
Calculate the remainder when (457 - 2) + ((-4)/(-18) - (-145)/(-45)) is divided by 98.
60
Let n be (-64)/(-24) + 1/3. Let o(m) = -13*m - 11 + 2*m + n*m**2 + m**3 + 0*m. What is the remainder when 49 is divided by o(-4)?
15
Suppose 3*x + 850 - 205 = 2*t, 0 = -5*t + 5*x + 1605. Let i = t + -286. Let h = 14 + 3. What is the remainder when i is divided by h?
15
Let d = 949 + -921. What is the remainder when 370 is divided by (11/8 - d/(-224))*62?
91
Let m = -14753 + 14812. Calculate the remainder when 102 is divided by m.
43
Suppose 2 + 2 = -4*i + 4*b, -4*i - 4 = -b. What is the remainder when 36 is divided by ((8 - 1) + i)/(4/2)?
0
Suppose -5*a + 21 = -84. Let k be (-7)/1*(-6)/a. Suppose -g = -k*g + 15. Calculate the remainder when g is divided by 6.
3
What is the remainder when ((-1356)/(-14) - 5)*21 is divided by 43?
37
Let u = -2136 + 2165. Calculate the remainder when 289 is divided by u.
28
Let j be -5 - (969/10 + (-13)/(-130)). Let y = -47 - j. What is the remainder when 269 is divided by y?
49
Let l = 1109 + -981. What is the remainder when 273 is divided by l?
17
Let k(q) = 414*q + 4679. Suppose -128 = 2*u - 4*u. Calculate the remainder when k(-11) is divided by u.
61
Let r(p) = p**3 + 91*p**2 + 175*p + 523. What is the remainder when r(-89) is divided by 56?
6
Let y(v) = 2*v**2 + 473*v + 3865. Calculate the remainder when 5429 is divided by y(-8).
204
Let o(t) = -t**3 + 22*t**2 + 50*t + 46. Let c be 30/(-12)*(-192)/20. What is the remainder when o(c) is divided by 16?
14
Let z(y) = 2*y**2 - 61. Calculate the remainder when 3287 is divided by z(6).
9
Let c = 211 - 118. Suppose -63 = -3*w - 3*p, 5*w - 2*p = -4*p + c. Calculate the remainder when 44 is divided by w.
10
Suppose -2*c = c + 2*k + 26, -c + k - 2 = 0. Calculate the remainder when (-5)/c + 3 + 748/24 is divided by 15.
5
Suppose -2*t + t - 2 = -8. Let c = 51 - 20. Calculate the remainder when c is divided by t.
1
Let v = 6232 + -6165. Calculate the remainder when 571 is divided by v.
35
Suppose -5*w + 72 = p + 26, 3*p - 123 = -10*w. What is the remainder when 579 is divided by p?
21
Let t(s) = 11*s**2 + 2*s - 3. Let x = 249 - 198. Suppose 15 = 5*g, -4*l = 49*g - x*g - 90. What is the remainder when t(-3) is divided by l?
18
What is the remainder when 117 + 36 - (2 + -9 - -6) is divided by 71?
12
Suppose -75*g - 5533 + 17758 = 0. What is the remainder when 1135 is divided by g?
157
What is the remainder when (-139679)/(-575) - 12/(-150) is divided by 88?
67
Let j = -49 + 52. Suppose 16 = g + j*g. Suppose 0 = s - 2*a + 3*a - 17, 4*s - g*a = 36. Calculate the remainder when 101 is divided by s.
10
Suppose 24*g - 22*g + 1004 = -2*n, -2*n + 3*g = 989. Let z = -459 - n. Calculate the remainder when z is divided by 37.
3
Suppose 4*h - 90 = 510. Let l = -110 + 152. Suppose 4*s = 2*j + 6 - 78, 0 = j + 4*s - l. Calculate the remainder when h is divided by j.
36
Calculate the remainder when 8366 is divided by 3534/4*90/135 - -8.
8
Let c = -609 - -614. Suppose q - 44 = 4*w, w = q - 0*w - 32. What is the remainder when (81/(-5))/((-1)/c) is divided by q?
25
Suppose -13 = 3*k - 70. Suppose 3*q = -3*c + 87, -k*c - 87 = -22*c + 5*q. Calculate the remainder when 53 is divided by c.
24
Suppose 328*i = 223*i + 21735. Calculate the remainder when 14900 is divided by i.
203
Let p(g) = 11*g - 97. Let u be p(6). Let l = 184 + u. What is the remainder when l is divided by 52?
49
Suppose -2*h + 19 = -39. Suppose -75 = 2*u + 2*k - 71, -2*k = -u + 22. Calculate the remainder when h is divided by u.
5
Let m = -252 - -346. Suppose 3*b - m - 59 = 0. What is the remainder when 100 is divided by b?
49
Let c(d) = -3*d + 1466. What is the remainder when c(68) is divided by 8?
6
Let d = -193 - -272. What is the remainder when d is divided by 12/(-24)*480/(-12)?
19
Let d = -484 + 504. Suppose -5*s + 53 + 39 = -2*k, -2*k - 52 = -3*s. Calculate the remainder when (190/s)/((-1)/(-4)) is divided by d.
18
Suppose -2*w - 808 = -6*w. Suppose 2*u + 65*j = 62*j + 78, -4*j + w = 5*u. What is the remainder when 140 is divided by u